5 = -j - 9. Let o = -22 + u. What are the prime factors of o?
2, 7
Suppose 2*c + 3*t + 11 = 0, 4*c + 21 + 26 = -t. Let z = c + -1. List the prime factors of (z/8 + -1)*-4.
11
Let o(r) = -31*r**2 - 1. Let j be o(1). Let d = j - -53. What are the prime factors of d?
3, 7
Let r(a) = -a**2 + 15*a - 10. What are the prime factors of r(7)?
2, 23
Suppose 0 = s - 3*l - 2*l - 64, -234 = -3*s + l. What are the prime factors of s?
79
Let k = -17 + 39. Let p = -17 + k. What are the prime factors of p?
5
Let x = 27 - 19. Suppose 3*h = -5*r + 30, -x*r + 40 = -3*r + h. What are the prime factors of r?
3
Suppose f - 3*a = 20, 3*f + 2*a - 93 = 11. List the prime factors of f.
2
Let q(h) = -h**3 + 15*h**2 - 14*h + 2. What are the prime factors of q(14)?
2
Suppose 2*a - 8*a = -684. List the prime factors of a.
2, 3, 19
Let j(q) = -q**3 - q**2 + 3*q - 8. List the prime factors of j(-4).
2, 7
Let b be (-2)/(-6) - (-1)/(-3). Suppose b = -3*u + 1 + 11. Suppose -u*i = 0, 0 = -2*r - 2*r + 4*i + 40. What are the prime factors of r?
2, 5
Let z be ((-24)/9)/((-4)/6). Suppose 3*t + 33 = -3*i, -46 = -0*t + z*t + 2*i. Let v = -5 - t. What are the prime factors of v?
7
Suppose u = -4*l - 0*l, -4*l = -3*u + 32. Suppose -4*z - 5*v + 75 = 0, 0*z + z - 3*v = 23. Let o = z - u. What are the prime factors of o?
2, 3
Suppose 0 = 40*n - 35*n - 470. What are the prime factors of n?
2, 47
Suppose 0 = -p + 2*p. Suppose p = -v + 5 + 3. Let d(z) = -z + 14. What are the prime factors of d(v)?
2, 3
Let j = 3 - -2. Suppose -5 = -j*f, -3*i + 2*f = -3 - 1. Suppose -i*z + 3*z + 3*n = 19, -n = 2*z - 18. What are the prime factors of z?
7
What are the prime factors of (-6 - (-1620)/16)*(-16)/(-6)?
2, 127
Let o(u) = u + 8. Let h be o(0). Let w = h + 3. Suppose 4*g - w = 29. List the prime factors of g.
2, 5
What are the prime factors of 3/4 - (-169)/4?
43
Let z(g) = g**3 - 5*g**2 - 7*g + 9. Let p be z(6). Let b = p + 12. What are the prime factors of b?
3, 5
Let f(v) = v**2 - 11*v + 28. What are the prime factors of f(-12)?
2, 19
Suppose 3*y = v + 4*y - 16, -2*y = v - 19. What are the prime factors of v?
13
What are the prime factors of (0 - -7) + (-8)/4?
5
Let h = 2 + -6. Let u be (-2)/h - 3/(-2). Suppose -3*t + 4 = -u*t, -5*l = 4*t - 46. List the prime factors of l.
2, 3
Let u(m) = m**2 + m + 18. What are the prime factors of u(-8)?
2, 37
Suppose 2*i = -4*g + 230, -3 = -5*g + 2. List the prime factors of i.
113
What are the prime factors of ((-28)/(-7))/((-2)/(-9))?
2, 3
Let l = 20 + -13. What are the prime factors of l?
7
Suppose -4*v = 3 - 19. Suppose -4*m + 35 = 3*g, -4*g + 4 + 28 = v*m. Let h(t) = -t**3 + 11*t**2 + 10. What are the prime factors of h(m)?
2, 5
Let s(c) = -4*c**3 - c**2 - c. Let u = -9 + 8. List the prime factors of s(u).
2
List the prime factors of (18/8)/((-7)/(-28)).
3
List the prime factors of 2246/12 - (7 - (-164)/(-24)).
11, 17
Let c(n) = -n**2 - 18*n + 12. List the prime factors of c(-14).
2, 17
Suppose 145 = 3*v - 170. What are the prime factors of v?
3, 5, 7
Let x(b) = b**3 + 5*b**2 + 6. Let i(k) = -4*k**2 - 8 + 0*k**3 - k**3 + 2. Let m(c) = -6*i(c) - 5*x(c). List the prime factors of m(0).
2, 3
Let y = -34 + 22. Let r = -6 - y. What are the prime factors of r?
2, 3
Suppose -5*b - 26 = 4*x + 28, 0 = 3*b + 4*x + 34. What are the prime factors of (-78)/b + 1/5?
2
Let b(o) = 4*o**2 + 4*o - 63. Let g(u) = u**2 + u - 16. Let m(t) = 2*b(t) - 9*g(t). What are the prime factors of m(0)?
2, 3
Suppose -5*n - 17 = -6*n. List the prime factors of n.
17
Let f be 9/(-6)*92/(-2). Suppose 4*t = f + 31. What are the prime factors of t?
5
Let c(n) be the first derivative of -n**4/12 - 7*n**3/6 + 5*n**2/2 - 2*n + 2. Let a(v) be the first derivative of c(v). List the prime factors of a(-5).
3, 5
Let w(a) = a**2 + 5*a - 12. List the prime factors of w(-10).
2, 19
Let u be (76/6)/(-2)*-3. Suppose -q - d = -0*d + 9, 0 = 2*q - 3*d + 23. Let g = u + q. List the prime factors of g.
3
Let h(v) = 7*v + 1. Let j be h(-1). Let b(n) = n**2 + 1. Let a(z) = z**3 - z**2 + 5*z - 6. Let t(k) = j*b(k) - a(k). List the prime factors of t(-4).
2
Suppose -201 = 6*h - 3*h. Let s = h + 46. Let a = s - -29. What are the prime factors of a?
2
Let u(z) = 2*z - 14. Suppose 2*r = 2 + 22. What are the prime factors of u(r)?
2, 5
Suppose l = -4*l + k - 47, 2*k + 26 = -2*l. Let x = l - -26. List the prime factors of (-3)/(-9) - x/(-6).
3
What are the prime factors of (-1 + (3 - -5))*5?
5, 7
Let b(c) = -26*c - 1. What are the prime factors of b(-2)?
3, 17
Let v = 54 + -21. Suppose 2*h + h = v. List the prime factors of h.
11
Let m(a) = a**2 + 23 - 4*a - a - 15. List the prime factors of m(6).
2, 7
Suppose -12 = 3*y - 6*y. List the prime factors of ((-10)/y*-8)/2.
2, 5
Suppose 0 = 5*x + 2*i - 5*i - 402, 4*x = 2*i + 320. What are the prime factors of x?
2, 3, 13
Let o = -3 - -12. Let v(u) = 3*u - 13. What are the prime factors of v(o)?
2, 7
Suppose 0*l = -l + 3. Suppose 0*m = -l*m + 15. Suppose -m*i + 84 = -i. List the prime factors of i.
3, 7
Suppose 3*s - 220 = -10. List the prime factors of s.
2, 5, 7
Suppose -2*h + 12 = h - 4*x, -2*x = 0. Suppose 0 - 9 = -2*d + v, -h*d - 12 = 4*v. Suppose 3 = d*n - 9. What are the prime factors of n?
2, 3
Let r = -2 - -6. Let y = 0 - -1. Let o = r - y. What are the prime factors of o?
3
Suppose v - 2 = 26. What are the prime factors of v?
2, 7
Let d be -1 - 54/8 - 10/40. Suppose 0 = -3*y - 39 + 135. What are the prime factors of y/6*(-18)/d?
2, 3
What are the prime factors of ((-362)/5)/(11/(-5) + 2)?
2, 181
Suppose -90 = -2*o - 20. What are the prime factors of o?
5, 7
List the prime factors of -2*5/(20/(-64)).
2
Suppose 0 = t - 85 + 16. What are the prime factors of t?
3, 23
Suppose -2*n - 9 = n, 3*l + 4*n = 6. Let d be (-2)/l*0 - -5. Suppose 6 = -d*t + 21. List the prime factors of t.
3
Let v(d) be the second derivative of -d**8/6720 + d**7/360 + d**6/80 - d**4/12 + d. Let c(n) be the third derivative of v(n). List the prime factors of c(8).
2
Suppose -4*m - 43 = -5*m. What are the prime factors of m?
43
Let y(j) = -2*j**3 + 2*j**2 + j. Let k be y(-1). Suppose 0*i - k*i = -h - 24, 3*i + 5*h - 6 = 0. What are the prime factors of i?
7
Let a(m) be the third derivative of m**5/120 + 3*m**4/8 + m**3/3 - 2*m**2. Let x(w) be the first derivative of a(w). What are the prime factors of x(-7)?
2
Suppose 2*k + 6 = k. What are the prime factors of (-20)/k*(-108)/(-15)?
2, 3
Let w(p) = p**3 - 6*p**2 - 5*p - 8. Let m be w(6). Let l = 63 + m. Suppose 2*t = l - 9. What are the prime factors of t?
2
Suppose -5*p + 88 = -4*j, -3*p + 0*j - 4*j + 72 = 0. Suppose 2*a + 2*a = p. List the prime factors of a.
5
List the prime factors of (-43)/(4/(-1 + -3)).
43
Let q(i) = -i - 2. Let h be q(-6). Suppose -h*j - 4 = 4*m, -4*m - 4*j - 10 = -2*j. What are the prime factors of (-10)/(-15) + m/(-3)?
2
Let r be (14/(-6))/((-5)/(-15)). What are the prime factors of ((-3)/(-1) - 5)*r?
2, 7
Suppose 128 = 8*r - 4*r. Let v = 47 - r. Let a = -9 + v. What are the prime factors of a?
2, 3
Let a(k) = k**3 + 16*k**2 + 7*k - 10. List the prime factors of a(-15).
2, 5, 11
Suppose 12*d - 7*d - 440 = 0. List the prime factors of d.
2, 11
Suppose p - 2*u = -2*p - 1, -u - 4 = -3*p. Suppose -p*s = 3*m - 21, s + m + 4*m = 27. List the prime factors of (-8 + s)/(-2)*2.
2, 3
Let d(m) = m**2 - 7*m + 8. List the prime factors of d(6).
2
Suppose 3*j + 19 = -2. Let f = j + 30. List the prime factors of f.
23
Let q(u) = u**2 - 12*u - 6. What are the prime factors of q(18)?
2, 3, 17
Let n = -16 - -20. Suppose -4*v - 4 = -n*g - 2*v, 2*v - 20 = -4*g. What are the prime factors of g?
3
Suppose -q + 2 = -3. Let v(r) = 4*r - 6. List the prime factors of v(q).
2, 7
Let g = -954 - -1947. What are the prime factors of 2/9 + g/27?
37
Let u(w) = -w + 6. Let d be u(5). Suppose 3*j + d - 16 = 0. List the prime factors of j.
5
Let i(j) = -4*j. Let h be i(1). List the prime factors of (-8)/(-4) + h/(-2).
2
Suppose 0 = v + 2 + 2. What are the prime factors of v/14 + (-32)/(-14)?
2
Let a(w) = w**3 + 7*w**2 - 5*w + 4. What are the prime factors of a(-7)?
3, 13
Let o be 3 - (0/(-2) + 1). List the prime factors of (o - 1)/(1/11).
11
Let v(h) = 5*h**2 - h - 3. Let j be v(3). Suppose 0 = -5*f - 9 + j. What are the prime factors of f?
2, 3
Let r(o) be